Let u be x(8). Suppose 3*o - 4*p - 148 = 0, -u*o = 4*p - 190 + 58. Calculate the remainder when 108 is divided by o.
52
Calculate the remainder when (-2)/8 + (-954)/(-8) is divided by 80/4*(1 + 0)*1.
19
Suppose 0 = -5*w - 15, -5*v + 0*w + 63 = 4*w. Let x be 40/(-3) + 10/(-15). Let u(d) = -d - 6. What is the remainder when v is divided by u(x)?
7
Suppose 3*n + 5*b = 515 - 133, -4*n + 496 = 4*b. What is the remainder when n is divided by 40?
39
Let l be (4 - 3 - 1)*-1. Suppose 2*y - 60 = -u - l*u, -5*u - 4*y + 306 = 0. Let x = -24 - -40. What is the remainder when u is divided by x?
14
Let j(y) = 200*y**3 + 3*y**2 + 3*y + 8. Let w be j(-4). Calculate the remainder when 6/21 + (w/(-21))/2 is divided by 51.
49
Let o(y) = -118*y + 21. What is the remainder when o(-3) is divided by 29?
27
Calculate the remainder when (-32)/10*-4*(-80)/(-128) is divided by 8.
0
Suppose 1085 = -a + 32*a. Calculate the remainder when 110 is divided by a.
5
What is the remainder when 221 is divided by -12*11/165 - (-568)/10?
53
Suppose 185*f = 176*f + 360. Calculate the remainder when 51 is divided by f.
11
Suppose 2*j + 4*z + 2 - 14 = 0, 3*j + 2*z = -2. Let i be 20*(-1)/((-1)/(-5)). Calculate the remainder when 71 is divided by (j/8)/(2/i).
21
Suppose a - 159 = -5*g, 0 = g - 45*a + 44*a - 33. What is the remainder when 35 is divided by g?
3
Suppose -2*i + c + 151 = -35, 4*i - 4*c = 364. What is the remainder when i is divided by 53?
42
Suppose 12*o - 189 - 27 = 0. Suppose -16 = m - 48. What is the remainder when m is divided by o?
14
Suppose 2*f - 5*w - 123 = 0, 0 = -f - 12*w + 7*w + 39. What is the remainder when f is divided by 14?
12
Suppose -5*i + j = 52 - 169, 2*i - j - 45 = 0. Calculate the remainder when 163 is divided by i.
19
Let p = 10 - 7. Suppose -p*z + 7*z = 316. What is the remainder when z is divided by 41?
38
Suppose -3*j - 429 + 36 = 0. Let x = 224 + j. Calculate the remainder when x is divided by (-600)/(-875)*10/(-4)*(-14 - 0).
21
What is the remainder when 246 is divided by (31/(-2) + 0)*6/(-3)?
29
Suppose -35*w + 23*w + 1560 = 0. What is the remainder when w is divided by 20?
10
Let s be (-8)/3*18/6. Let u = s + 18. What is the remainder when 57 is divided by u?
7
Let a(y) = -7*y**2 - 43*y - 6. Calculate the remainder when 57 is divided by a(-5).
23
Suppose 64 = -6*l - 44. Let d = l - -46. Calculate the remainder when d is divided by 6.
4
Let k be 976/10 - 4/(-10). Calculate the remainder when 15/(-10) + k/4 is divided by 8/10*-10*(-6)/4.
11
Suppose 0 = -4*d + 2*q + 590, 2*d - 26 = -5*q + 251. Suppose 56 = -9*j + d. Calculate the remainder when 39 is divided by j.
9
Suppose -5*z - 627 = -2*f, 82 = -2*z - 5*f - 163. Let s = z - -174. Calculate the remainder when s is divided by 10.
9
Let l = 285 - 275. Calculate the remainder when 33 is divided by l.
3
Let z = 60 + 2. What is the remainder when z is divided by 9?
8
Suppose -12*v + 204 + 5736 = 0. What is the remainder when v is divided by 83?
80
Let d be 10/8 - (-9)/12. Suppose 0 = -d*g + 24 + 32. Calculate the remainder when 137 is divided by g.
25
Let k = -46 + 89. Suppose -15*q + 3*b + 115 = -10*q, 2*b + 69 = 3*q. What is the remainder when k is divided by q?
20
Let t(w) = -w + 16. Suppose 0*h + 10 = 2*h. Suppose r - 4*r + 107 = -4*d, 3*r = h*d + 112. Calculate the remainder when r is divided by t(0).
13
Let l(u) = 2*u**3 + 7*u**2 - 2*u - 3. Let d = 36 - -14. What is the remainder when d is divided by l(-2)?
11
Let o = -176 + 283. Suppose -2*m = -5*k - 7*m + 90, 5*k = -2*m + 90. What is the remainder when o is divided by k?
17
Let i(s) = -s + 24. Suppose -3*t = -18 - 33. What is the remainder when i(-20) is divided by t?
10
Let x(h) = -h**3 - 12*h**2 + 27*h - 31. Calculate the remainder when x(-15) is divided by 58.
7
Suppose 0 = 6*a - a - 160. Suppose 2*o = a + 4. Calculate the remainder when 51 is divided by o.
15
Let c be ((-33)/(-12))/(1/(-4)). Let b(k) = -k - 10. Let h be b(c). Suppose h - 15 = -2*f. What is the remainder when f is divided by 3?
1
Calculate the remainder when 314 + 6 - (5 - -23)/(-4) is divided by 33.
30
Suppose -2*t + 4*o = -3*t - 7, -37 = -5*t + 4*o. Suppose u = -2*y - u + 170, t*u = y - 115. Calculate the remainder when y is divided by 23.
21
Let s be 4*(-6)/(-8) - -3. Let d = -124 + 135. Calculate the remainder when d is divided by 0 - 7/((-7)/s).
5
Suppose 14*r = 191 - 65. Calculate the remainder when 44 is divided by r.
8
Suppose -25384 = -48*g - 5368. What is the remainder when g is divided by 19?
18
Suppose 0*p + 3*p = 3*j + 18, 3*p - 2*j = 22. Suppose p*w = -0*w + 210. What is the remainder when w is divided by 12?
9
Let b(n) = -n - 2. Suppose -207*z + 14*z + 844 = 18*z. What is the remainder when b(-6) is divided by z?
0
Suppose -9 = -5*q + 191. Let m(p) = -7*p + 828 - 3*p - 867. Calculate the remainder when q is divided by m(-5).
7
Let m(d) = d + 7. Let a be m(-9). Let y = -5 - a. What is the remainder when 78 is divided by 3 - ((-9)/y - 20)?
18
Suppose -6*y + 4*y + 41 = -5*k, -4*k + 2*y - 34 = 0. Calculate the remainder when 14 is divided by ((-16)/6)/(k/((-42)/(-4))).
2
Let u(b) = -b**2 + 53*b - 47. Let l = -44 + 73. Calculate the remainder when u(51) is divided by l.
26
Suppose -2*u - 4*x + 46 = 0, 2*x = -3*x. What is the remainder when ((-235)/7 - (-29 + 20))/((-4)/14) is divided by u?
17
Calculate the remainder when 23 is divided by -10*(3 + -1 - 4).
3
Suppose 3*g - 870 + 210 = 0. What is the remainder when g is divided by 16?
12
Let f be (-60)/(-8)*(-4)/(-6). What is the remainder when (-13)/f*(1 + -6) is divided by 5 - (2 + -1 - 1)?
3
Let h = -129 - -172. What is the remainder when h is divided by 14?
1
Let l = 26 - 22. What is the remainder when 4 - (-30)/2 - l is divided by 6?
3
Let c(z) = 6*z**2 - 34*z + 8. Let p(b) = b**2 - 2*b. Let i(g) = -c(g) + 3*p(g). Calculate the remainder when i(8) is divided by 11.
2
Suppose -d = -16 + 6. Let k be (-294)/(-15) + (-6)/d. Suppose 2*c = -j + k, -6*c + 4*c = 4. What is the remainder when 66 is divided by j?
20
Let b(w) = 5*w**2 - 119*w - 8. What is the remainder when 124 is divided by b(24)?
12
Suppose -6*d + 529 = 37. Suppose d - 100 = -l. Calculate the remainder when 51 is divided by l.
15
Suppose 2*d - 114 = -4*a, -4*d + 3*d + 3*a = -52. Calculate the remainder when d is divided by 22.
11
Let y(r) = r**3 + 6*r**2 - 9. Let v be 750/(-35) + (-4)/7. Let m = 34 + v. What is the remainder when y(-4) is divided by m?
11
Let k(n) = -n**3 - n**2 - 5*n - 3. Let z = -34 - -32. Calculate the remainder when 18 is divided by k(z).
7
Suppose -4*l + 14 + 39 = -n, 6 = 2*n. What is the remainder when 139 is divided by l?
13
Let u(w) be the second derivative of -w**3/6 + 7*w**2/2 - w. Let l = 450 + -454. Calculate the remainder when 21 is divided by u(l).
10
Let d(o) = o**2 + o + 4. Let w be d(-3). Suppose w*r = 7*r + 102. Calculate the remainder when 100 is divided by r.
32
Let x(v) = v**2 + v - 19. Calculate the remainder when 19 is divided by x(5).
8
Suppose 60 = -4*w - v, -43 - 2 = 3*w + 5*v. Let j = w - -21. Calculate the remainder when 22 is divided by j.
4
Suppose -54 = 6*o - 528. Let b = 147 - o. Calculate the remainder when b is divided by 23.
22
Suppose -14*z - 1799 = -21*z. Calculate the remainder when z is divided by 10.
7
Let t(w) = 87*w**2 + w. Let m be t(-1). Suppose 2*n + 0*n = m. Let y(r) = 6*r - 15. Calculate the remainder when n is divided by y(5).
13
Suppose h - 35 = -3*h - 3*v, 4*v - 20 = 0. Suppose -2*c + 70 = 3*c. What is the remainder when c is divided by h?
4
Let n(w) = -w**3 + 33*w**2 - 44*w + 133. Calculate the remainder when n(31) is divided by 63.
61
Let b(p) = -p**3 - 11*p**2 + 4*p - 16. Let m = -15 + 4. Let a be b(m). What is the remainder when (-5 + 4)*(a - 1) is divided by 31?
30
Suppose -4*s + 22 - 127 = -3*j, 3*j + 2*s = 87. Let k(w) = 11*w - 5. What is the remainder when j is divided by k(2)?
14
Let j = -264 - -406. Suppose 5*k + 2*o - j = 184, -4*k - 3*o = -265. What is the remainder when k is divided by 13?
12
Suppose -102*v + 83*v + 285 = 0. Calculate the remainder when 56 is divided by v.
11
Suppose 4*w = -i + 394, 0 = -3*w + 4*i + 324 - 19. What is the remainder when 577 is divided by w?
82
Suppose -3*m - 65 = -2. Let a = m - -28. What is the remainder when 13 is divided by a?
6
Calcul